*h**2 + 2*h - 32. List the prime factors of v(-19).
5, 7, 359
Let f = -19855 + 30402. What are the prime factors of f?
53, 199
Let p be (-2)/7 + 37/7. Suppose -5*t = -2*m, -p*t = 4*m - 2*t. Suppose m = 3*w - 2*f - 420, 458 = 5*w - 4*f - 242. What are the prime factors of w?
2, 5, 7
Let s(g) be the third derivative of 5*g**4/24 - 11*g**3/6 + 7*g**2. Suppose -5*b + 7*b - 16 = 0. List the prime factors of s(b).
29
Let o be 5 + 85/(-15) + 33064/6. Suppose -14*h - 5*h = -o. List the prime factors of h.
2, 5, 29
Let l = 2321 + 35299. What are the prime factors of l?
2, 3, 5, 11, 19
Let m(j) = -64*j**3 + 6*j**2 - 3*j - 6. What are the prime factors of m(-5)?
41, 199
Let i(n) = n**2 - 9*n - 8. Let k be i(10). Suppose -2*t + 3*q + 38 = -2*q, 2 = k*t + 4*q. Suppose 5*y = t*y - 80. List the prime factors of y.
2, 5
Let v = -18397 - -28246. List the prime factors of v.
3, 7, 67
Let v = -51377 + 91181. What are the prime factors of v?
2, 3, 31, 107
Let m(w) = 4*w**3 - 3*w**2 + 7. Let c be 1*((-3)/6 - 33/(-6)). List the prime factors of m(c).
2, 3
Let x(b) = b**3 - 8*b**2 + 4*b - 1. Let a be x(5). Let g = a - -64. What are the prime factors of g/(128/12) - 45/(-4)?
2, 3
Let f = -3975 + 1848. Let m = -1095 - f. What are the prime factors of m?
2, 3, 43
What are the prime factors of (19/(190/(-2304)))/(1*(-5)/600)?
2, 3
Suppose -2*k = 3*t - t, -2*t - 5*k + 6 = 0. Let n be (3 - 19)/(-4) + t. Suppose 0 = -7*r + n*r + 525. List the prime factors of r.
3, 5, 7
Let k be 2/(-12) + 3327926/228. Suppose k = -34*u + 48698. List the prime factors of u.
17, 59
Let s(c) = -c**3 - c**2 + 30*c - 48. List the prime factors of s(-22).
2, 3, 197
Suppose -2*k = 3*t - 12288, 85*k + 3*t - 24576 = 81*k. What are the prime factors of k?
2, 3
Let p(t) = -t**2 - 6*t - 5. Suppose 9*f - 11*f - 10 = 0. Let q be p(f). Suppose q = -2*h - i + 164, -h + 3*h = -3*i + 172. List the prime factors of h.
2, 5
Suppose 0 = 2*u - w - 4270, 7*w - 9*w - 2138 = -u. What are the prime factors of u?
2, 11, 97
Let d be (-1400)/(-24) - -1*2/3. Suppose -d*q = -53*q + 30. What are the prime factors of 186 + 2 + q + 7?
2, 5, 19
Let o(l) = -97*l + 11. Let j(y) = -145*y + 16. Let k(i) = -5*j(i) + 7*o(i). What are the prime factors of k(7)?
11, 29
Let t(v) = 21*v**2 - 4*v - 1. Let n(k) = -4*k + 7. Let s be n(-6). Let q = -29 + s. What are the prime factors of t(q)?
3, 5
Let b be (7/14)/(2/12). Let h be b/(-4*(-12)/5600). Suppose -3*t + h = 2*t. What are the prime factors of t?
2, 5, 7
Suppose -205*p + 173*p = 0. Let k(i) = 4 + i - 2*i - i. What are the prime factors of k(p)?
2
Let m be (-644)/(-168) + 1/6. Suppose 31 - 31 = m*c. Suppose c = 2*w - 10 - 268. List the prime factors of w.
139
What are the prime factors of (-81208)/28*(2 - (2 + 21/6))?
10151
Let h = -810 + 812. Let l be (-4)/(0 - 1)*1. Suppose b - p = h*b - 85, l*b - 3*p - 361 = 0. List the prime factors of b.
2, 11
Suppose -2*x = 4*p + 3*x - 28, -2*p + 12 = 2*x. Suppose 0 = -f + p*f - 2*k - 4, 0 = 3*k - 3. Suppose -f*z + 444 = -0*z. What are the prime factors of z?
2, 37
Let l be -6*((-11)/3 + 3). Let a be 145/45 + l/(-18). Suppose 4*j + a*d = 259, j = -2*d + 9 + 62. What are the prime factors of j?
61
Suppose -3*x = 2*r - 167 - 20444, -4*r = 4*x - 27484. List the prime factors of x.
6869
Let n be ((-24020)/(-70))/(1/7). Suppose 8*m = -610 + n. List the prime factors of m.
2, 7
Let x(g) = 4*g**2 - 2*g - 12*g - 8*g + 3*g**2 + 5 + 7. List the prime factors of x(8).
2, 71
Let i(w) = -7*w**3 - 14*w**2 - 34*w - 7. Let z(c) = 6*c**3 + 13*c**2 + 33*c + 8. Let t(l) = -5*i(l) - 6*z(l). List the prime factors of t(-12).
29, 31
Let o(p) = 121*p**2 - 8*p - 36*p**2 - 41*p**2 - 36 - 39*p**2. What are the prime factors of o(9)?
3, 11
Let i be 0 - 1 - (-11 + -132). Suppose -12*a + 50 = -i. List the prime factors of a.
2
Suppose -u + q = -2586, 14*u - 17*u + 7754 = -q. Let t = u + -1755. List the prime factors of t.
829
Let y = 31076 + -18750. What are the prime factors of y?
2, 6163
Let d(j) = -429*j**2 - 3*j + 4. Let h be d(1). Let m = 546 + h. What are the prime factors of m?
2, 59
Suppose -13*b + 8*b + 101102 = 8*f, 5*b = -10. List the prime factors of f.
3, 11, 383
Let o = 32 + -28. Suppose o*d = -2*j + 20, 3*j = 2*d + 3 - 5. Suppose 0 = v - 4*b - 124, -b + 2*b = -j*v + 212. What are the prime factors of v?
2, 3
List the prime factors of (-26182)/(-21 + 8) - -6.
2, 5, 101
Let m(g) = g**3 - 20*g**2 - 135*g - 165. What are the prime factors of m(38)?
3, 6899
Let h(w) = w**3 + 16*w**2 - 19*w + 20. Let k(v) = 7*v + 23. Let t be k(-5). What are the prime factors of h(t)?
2, 103
Let t = -1793 - -3190. List the prime factors of t.
11, 127
Let v be -15*((-2)/4 - (-9)/54). Let w be (-36)/15*v/(-2). What are the prime factors of 3*71*(2/w + 0)?
71
Let n(s) = 7*s**2 - 2*s - 4*s + 5*s - 19 - 4*s - 10*s. List the prime factors of n(13).
3, 17, 19
Let w(y) = -18*y + 8*y**2 - 5*y**2 + 24*y + 4 + 5*y**2. What are the prime factors of w(6)?
2, 41
List the prime factors of ((-21)/15*(-18)/(-21))/((-24)/38960).
2, 487
Suppose 0 = -4*d - 3*l + 8, 7*l - 4*l = -5*d + 10. Let f be (11 - 15)*(0/(-1) - d). Let x(t) = 2*t**3 - 15*t**2 - 2*t - 7. List the prime factors of x(f).
41
Let g(m) = 197*m**2 - 2*m + 1. Suppose -4*b = 15 + 5. Let l be 4*(1 - 2) - b. What are the prime factors of g(l)?
2, 7
Suppose 5*u + 19 + 66 = 0. Let b = u + 20. Suppose 207 = 3*o + 4*d - 53, -b*o + 3*d + 225 = 0. List the prime factors of o.
2, 5
Suppose -3*g - 3*i = 765, -4*g = -2*i + 5*i + 1021. Let w = 456 + g. What are the prime factors of w?
2, 5
Let c(z) = z**3 + 17*z**2 + 26*z - 57. Let a be c(-15). Suppose -k = 3*h - 1459, h = 7 - a. What are the prime factors of k?
1447
What are the prime factors of (-1)/5 + (-4057634)/(-545)?
5, 1489
Let n be 0/(7/((-28)/8)). Let w be 7 + n + -5 - (-208)/1. Suppose -689 = -4*q - 5*c + 184, -q + w = 4*c. What are the prime factors of q?
2, 3, 37
Let q(s) = -s**3 - 27*s**2 - 30*s - 102. Let v be q(-26). Let c be (2/2 + -1)*-1. Suppose -v*y + 164 = -c*y. List the prime factors of y.
2, 41
Suppose 16147 = 15*k - 12359 - 28839. List the prime factors of k.
3823
Suppose -5*z = 4*l - 73930, -2*l + 3*z = l - 55434. List the prime factors of l.
2, 3, 5, 7, 11
Suppose -18042 - 66979 = -27*q + 20792. List the prime factors of q.
3919
Let u(q) = -2*q - 23. Let f(v) = -10*v - 115. Let h(z) = -2*f(z) + 11*u(z). Let t be h(-13). What are the prime factors of (-5 + t)*6*(-38)/4?
2, 3, 19
Let r be (-44)/(-10) - 18/(-30). Suppose 5*l + 3 = -3*j + 11, -r*j = 4*l + 4. Let a(b) = b**2 + 8*b + 7. What are the prime factors of a(l)?
5, 11
Suppose 5*d - 2*t = 9, -5*d + 5*t + 15 = -0*d. What are the prime factors of (-18 - -24) + (d - -1327)?
2, 23, 29
List the prime factors of 3 + (14/21*10605/2 - 6).
2, 883
Let n be 4/6*(-1 + 4). Let t = -124 - -122. List the prime factors of t + n + (8 - -10).
2, 3
Let y = 16328 + -4713. What are the prime factors of y?
5, 23, 101
Suppose 0 = -2*v + 4*p + 4906 + 2178, 2*v = -3*p + 7091. What are the prime factors of v?
2, 443
Let c(q) = -742*q + 21. Let o be c(-11). Suppose -26*s = -o - 19897. What are the prime factors of s?
2, 3, 5
Let g(v) = 16*v - 15. Let w be g(3). Suppose w = 6*z + 15. Suppose -775 = -z*b - 2*b. What are the prime factors of b?
5, 31
Let i = 413 - 255. Suppose -2*v + 1286 = -2*j, i*v - 161*v - 3*j + 1953 = 0. What are the prime factors of v?
647
Let i(x) = x**3 + 17*x**2 + 17*x - 16. Let n(z) = -z**3 - 17*z**2 - 18*z + 16. Let s(j) = 5*i(j) + 6*n(j). List the prime factors of s(-18).
2, 13, 29
Let k = 32463 + -17569. List the prime factors of k.
2, 11, 677
Suppose 0 = -3*l - 2*a - 281, -5*l - 7*a - 490 = -8*a. List the prime factors of l*12/16*168/(-9).
2, 7, 97
Let l(g) = 13*g**2 - 245*g - 208. What are the prime factors of l(54)?
2, 5, 2447
Let d(k) = -5*k + 31. Let t be d(7). List the prime factors of ((-42)/(-12))/(-7) + (-1358)/t.
3, 113
Let o(b) = -b + 228. What are the prime factors of o(14)?
2, 107
Suppose -9*t - 37840 = -2*u - 5*t, -u - 4*t + 18878 = 0. List the prime factors of u.
2, 3, 23, 137
Let o be (-8)/(-1)*(-21 + 19). Let y = o + 15. What are the prime factors of (y - 0)/1 + 28?
3
Suppose -2*y + 2*v + 23525 = 6907, 8295 = y - 3*v. List the prime factors of y.
2, 3, 7, 11
Suppose 56122 = 156*m - 292694. List t